t the prime factors of 42822948.
2, 3, 7, 509797
What are the prime factors of 230304998?
2, 7, 11, 213641
List the prime factors of 456684321.
3, 152228107
List the prime factors of 377030359.
377030359
What are the prime factors of 1781368?
2, 41, 5431
List the prime factors of 36101139.
3, 991, 12143
List the prime factors of 56763646.
2, 17, 98207
List the prime factors of 987233688.
2, 3, 7, 31, 179, 353
List the prime factors of 28067659.
23, 1220333
What are the prime factors of 4960924442?
2, 83, 29885087
List the prime factors of 519776054.
2, 7, 17, 1229, 1777
List the prime factors of 56226226.
2, 7, 573737
List the prime factors of 7532886493.
11, 641, 1068343
What are the prime factors of 4069076720?
2, 5, 50863459
What are the prime factors of 83198888?
2, 1637, 6353
What are the prime factors of 74404966?
2, 37202483
List the prime factors of 125032687.
13, 463, 20773
What are the prime factors of 78311482?
2, 39155741
What are the prime factors of 165624309?
3, 103, 373, 479
What are the prime factors of 2368188294?
2, 3, 53, 7447133
List the prime factors of 323596946.
2, 59, 2742347
What are the prime factors of 2947227897?
3, 149, 6593351
List the prime factors of 55057007.
6563, 8389
List the prime factors of 1757985894.
2, 3, 7, 79, 176611
What are the prime factors of 2472002?
2, 13, 31, 3067
What are the prime factors of 185759349?
3, 4751, 13033
List the prime factors of 111415544.
2, 19, 732997
What are the prime factors of 227112961?
3823, 59407
What are the prime factors of 6116734?
2, 13, 31, 7589
What are the prime factors of 8239514?
2, 61, 67537
What are the prime factors of 174619814?
2, 71, 103, 11939
List the prime factors of 149525820.
2, 3, 5, 19, 43721
List the prime factors of 115219708.
2, 28804927
What are the prime factors of 39186642?
2, 3, 11, 97, 6121
List the prime factors of 357774892.
2, 89443723
What are the prime factors of 1862364513?
3, 131, 4738841
List the prime factors of 1293619830.
2, 3, 5, 43120661
List the prime factors of 62234553.
3, 71, 292181
List the prime factors of 202666211.
11, 18424201
List the prime factors of 45631726.
2, 7, 811, 4019
What are the prime factors of 100917067?
8941, 11287
What are the prime factors of 451936542?
2, 3, 107, 307, 2293
What are the prime factors of 769784903?
29, 26544307
List the prime factors of 1359848876.
2, 107, 3177217
What are the prime factors of 2409524038?
2, 97, 12420227
List the prime factors of 2395735017.
3, 13, 2917, 21059
List the prime factors of 1481527075.
5, 7, 97, 87277
What are the prime factors of 2920708863?
3, 324523207
What are the prime factors of 1344004055?
5, 268800811
What are the prime factors of 1142077796?
2, 41, 6963889
What are the prime factors of 1373400153?
3, 659, 231563
List the prime factors of 151022931.
3, 353, 142609
What are the prime factors of 2081211208?
2, 19, 53, 13597
List the prime factors of 127856157.
3, 11, 13, 29, 43, 239
What are the prime factors of 117849494?
2, 7, 8417821
What are the prime factors of 819416231?
67, 12230093
List the prime factors of 1517982091.
37, 41026543
List the prime factors of 34526812.
2, 157, 54979
List the prime factors of 807601634.
2, 7, 853, 9661
What are the prime factors of 1287135967?
13, 167, 592877
List the prime factors of 1280063.
599, 2137
List the prime factors of 1181533976.
2, 7, 1423, 14827
What are the prime factors of 189395013?
3, 63131671
List the prime factors of 42292705.
5, 7, 13, 92951
List the prime factors of 26774467.
197, 135911
List the prime factors of 31829885.
5, 6365977
List the prime factors of 90057444.
2, 3, 7504787
List the prime factors of 23863987.
7, 3409141
What are the prime factors of 2026070356?
2, 506517589
List the prime factors of 538818827.
37, 14562671
What are the prime factors of 158450880?
2, 3, 5, 7, 17, 19, 73
List the prime factors of 1804769256.
2, 3, 75198719
What are the prime factors of 23322?
2, 3, 13, 23
What are the prime factors of 19386187?
37, 709, 739
List the prime factors of 1481518488.
2, 3, 769, 80273
List the prime factors of 50568460.
2, 5, 29, 87187
What are the prime factors of 117826273?
117826273
List the prime factors of 1289854961.
43, 29996627
List the prime factors of 202909387.
47, 53, 81457
List the prime factors of 1306160035.
5, 19, 13749053
List the prime factors of 3291543843.
3, 7, 101, 1551883
What are the prime factors of 2056059150?
2, 3, 5, 67, 204583
What are the prime factors of 82701662?
2, 41350831
List the prime factors of 1926661885.
5, 191, 2017447
What are the prime factors of 183497906?
2, 29, 59, 53623
List the prime factors of 526040577.
3, 58448953
List the prime factors of 14074109.
7, 653, 3079
List the prime factors of 36128373.
3, 3019, 3989
List the prime factors of 4484139429.
3, 7, 11, 31, 626189
List the prime factors of 155121872.
2, 17, 79, 7219
What are the prime factors of 1449954?
2, 3, 11, 2441
What are the prime factors of 416454104?
2, 11, 4732433
List the prime factors of 125396024.
2, 13, 1205731
What are the prime factors of 216410703?
3, 19, 23, 383, 431
List the prime factors of 839217869.
7, 17, 79, 89269
What are the prime factors of 128906334?
2, 3, 29, 246947
What are the prime factors of 16886150?
2, 5, 457, 739
What are the prime factors of 24211169?
24211169
List the prime factors of 4421781834.
2, 3, 24251, 30389
What are the prime factors of 220532451?
3, 569, 129193
List the prime factors of 215404636.
2, 53851159
List the prime factors of 6391302484.
2, 7, 228260803
List the prime factors of 449979586.
2, 7, 32141399
What are the prime factors of 2027513736?
2, 3, 1999, 14087
List the prime factors of 156154702.
2, 11, 71, 99971
List the prime factors of 560011517.
13, 419, 102811
List the prime factors of 133294781.
97, 1374173
List the prime factors of 41981534.
2, 7, 17, 113, 223
List the prime factors of 449840175.
3, 5, 5997869
What are the prime factors of 90961264?
2, 293, 19403
What are the prime factors of 832452848?
2, 41, 61, 71, 293
List the prime factors of 12753192.
2, 3, 531383
List the prime factors of 322763615.
5, 17, 3797219
What are the prime factors of 30387238?
2, 7, 109, 19913
What are the prime factors of 587432932?
2, 29, 5064077
What are the prime factors of 56928141?
3, 6325349
What are the prime factors of 429300468?
2, 3, 11925013
List the prime factors of 697738620.
2, 3, 5, 1493, 7789
List the prime factors of 2974484590.
2, 5, 7, 11, 257, 15031
List the prime factors of 815918719.
7, 11, 10596347
List the prime factors of 1099774408.
2, 137471801
What are the prime factors of 5899980643?
19, 310525297
What are the prime factors of 30295462?
2, 17, 19, 23, 2039
List the prime factors of 167472723.
3, 11, 109, 46559
What are the prime factors of 254046439?
337, 753847
What are the prime factors of 369084676?
2, 92271169
List the prime factors of 35177870.
2, 5, 7, 13, 29, 31, 43
What are the prime factors of 75551461?
113, 439, 1523
List the prime factors of 170031876.
2, 3, 7, 419, 4831
What are the prime factors of 38714040?
2, 3, 5, 31, 3469
List the prime factors of 2277118423.
31, 157, 467869
List the prime factors of 1799182767.
3, 599727589
What are the prime factors of 215258308?
2, 47, 241, 4751
What are the prime factors of 473796013?
157, 3017809
List the prime factors of 13985290.
2, 5, 11, 127139
What are the prime factors of 29133644?
2, 7283411
List the prime factors of 6141199115.
5, 983, 1249481
List the prime factors of 44361817.
797, 55661
What are the prime factors of 7746119?
7746119
List the prime factors of 2046309266.
2, 1023154633
What are the prime factors of 7881980?
2, 5, 394099
What are the prime factors of 26644456?
2, 3330557
List the prime factors of 10526880.
2, 3, 5, 7, 13, 241
What are the prime factors of 984796726?
2, 149, 3304687
List the prime factors of 460550558.
2, 13, 17713483
List the prime factors of 491865527.
491865527
List the prime factors of 241201101.
3, 80400367
What are the prime factors of 11307510?
2, 3, 5, 125639
List the prime factors of 99844221.
3, 19, 1751653
What are the prime factors of 812547800?
2, 5, 983, 4133
List the prime factors of 45447413.
11, 4131583
List the prime factors of 103241998.
2, 101, 113, 4523
List the prime fact